s digit of 82689?
9
What is the hundreds digit of 20767?
7
What is the hundreds digit of 97778?
7
What is the hundreds digit of 167?
1
What is the hundreds digit of 2605?
6
What is the tens digit of 41755?
5
What is the tens digit of 502?
0
What is the units digit of 1131?
1
What is the ten thousands digit of 17577?
1
What is the units digit of 2376?
6
What is the units digit of 25260?
0
What is the thousands digit of 12875?
2
What is the tens digit of 4333?
3
What is the thousands digit of 3502?
3
What is the thousands digit of 8551?
8
What is the hundreds digit of 2771?
7
What is the units digit of 4576?
6
What is the hundreds digit of 133225?
2
What is the thousands digit of 1913?
1
What is the hundreds digit of 288?
2
What is the thousands digit of 45312?
5
What is the units digit of 151?
1
What is the tens digit of 3952?
5
What is the units digit of 6497?
7
What is the thousands digit of 1406?
1
What is the hundreds digit of 400?
4
What is the tens digit of 910?
1
What is the hundreds digit of 9988?
9
What is the thousands digit of 11084?
1
What is the thousands digit of 1048?
1
What is the thousands digit of 1218?
1
What is the hundreds digit of 2134?
1
What is the units digit of 509?
9
What is the ten thousands digit of 14696?
1
What is the units digit of 40257?
7
What is the units digit of 17336?
6
What is the ten thousands digit of 19835?
1
What is the thousands digit of 4352?
4
What is the units digit of 3121?
1
What is the units digit of 4686?
6
What is the units digit of 33452?
2
What is the units digit of 1383?
3
What is the units digit of 347?
7
What is the hundreds digit of 1656?
6
What is the units digit of 496?
6
What is the units digit of 979?
9
What is the hundreds digit of 807?
8
What is the tens digit of 660?
6
What is the thousands digit of 4942?
4
What is the tens digit of 68606?
0
What is the units digit of 21928?
8
What is the thousands digit of 1924?
1
What is the hundreds digit of 7051?
0
What is the units digit of 35869?
9
What is the thousands digit of 8873?
8
What is the tens digit of 312?
1
What is the tens digit of 4211?
1
What is the hundreds digit of 15591?
5
What is the units digit of 66?
6
What is the tens digit of 2811?
1
What is the tens digit of 8525?
2
What is the thousands digit of 1768?
1
What is the ten thousands digit of 25187?
2
What is the hundreds digit of 30151?
1
What is the hundreds digit of 1752?
7
What is the thousands digit of 30127?
0
What is the tens digit of 48461?
6
What is the tens digit of 69321?
2
What is the hundreds digit of 13799?
7
What is the ten thousands digit of 12955?
1
What is the tens digit of 5190?
9
What is the hundreds digit of 1589?
5
What is the units digit of 702?
2
What is the thousands digit of 14662?
4
What is the hundreds digit of 133?
1
What is the thousands digit of 17225?
7
What is the hundreds digit of 7579?
5
What is the tens digit of 258?
5
What is the units digit of 8014?
4
What is the thousands digit of 86212?
6
What is the units digit of 830?
0
What is the hundred thousands digit of 128695?
1
What is the thousands digit of 2845?
2
What is the units digit of 23434?
4
What is the hundreds digit of 883?
8
What is the hundreds digit of 2342?
3
What is the tens digit of 17574?
7
What is the units digit of 1202?
2
What is the units digit of 810?
0
What is the thousands digit of 23764?
3
What is the units digit of 601?
1
What is the units digit of 2333?
3
What is the hundreds digit of 38961?
9
What is the units digit of 17812?
2
What is the ten thousands digit of 62686?
6
What is the hundreds digit of 538?
5
What is the tens digit of 5788?
8
What is the tens digit of 9546?
4
What is the thousands digit of 11700?
1
What is the tens digit of 364?
6
What is the hundreds digit of 1854?
8
What is the tens digit of 1835?
3
What is the units digit of 2042?
2
What is the hundreds digit of 10606?
6
What is the thousands digit of 35853?
5
What is the thousands digit of 159514?
9
What is the thousands digit of 28682?
8
What is the hundreds digit of 780?
7
What is the hundreds digit of 5155?
1
What is the thousands digit of 28449?
8
What is the tens digit of 25163?
6
What is the hundreds digit of 3197?
1
What is the hundreds digit of 280?
2
What is the tens digit of 409?
0
What is the thousands digit of 18871?
8
What is the thousands digit of 8330?
8
What is the tens digit of 1620?
2
What is the tens digit of 274?
7
What is the units digit of 5336?
6
What is the units digit of 22728?
8
What is the units digit of 25?
5
What is the thousands digit of 3518?
3
What is the thousands digit of 47105?
7
What is the ten thousands digit of 14816?
1
What is the tens digit of 110163?
6
What is the units digit of 28458?
8
What is the thousands digit of 1504?
1
What is the hundreds digit of 291?
2
What is the hundreds digit of 3364?
3
What is the thousands digit of 20630?
0
What is the thousands digit of 9557?
9
What is the tens digit of 2120?
2
What is the units digit of 13110?
0
What is the hundreds digit of 42595?
5
What is the units digit of 65795?
5
What is the thousands digit of 1922?
1
What is the ten thousands digit of 14825?
1
What is the units digit of 98671?
1
What is the hundreds digit of 28540?
5
What is the hundreds digit of 1338?
3
What is the tens digit of 84?
8
What is the hundreds digit of 134314?
3
What is the units digit of 83728?
8
What is the units digit of 1939?
9
What is the units digit of 1946?
6
What is the units digit of 7477?
7
What is the units digit of 759?
9
What is the thousands digit of 3856?
3
What is the hundreds digit of 15097?
0
What is the tens digit of 128122?
2
What is the tens digit of 35829?
2
What is the hundreds digit of 1245?
2
What is the tens digit of 4473?
7
What is the thousands digit of 1744?
1
What is the hundreds digit of 76989?
9
What is the thousands digit of 9049?
9
What is the tens digit of 30?
3
What is the tens digit of 3700?
0
What is the ten thousands digit of 87784?
8
What is the hundreds digit of 2382?
3
What is the hundreds digit of 164?
1
What is the tens digit of 42889?
8
What is the units digit of 8175?
5
What is the thousands digit of 1074?
1
What is the thousands digit of 5886?
5
What is the tens digit of 570?
7
What is the hundreds digit of 2963?
9
What is the thousands digit of 4146?
4
What is the tens digit of 7863?
6
What is the thousands digit of 1896?
1
What is the hundreds digit of 504?
5
What is the hundreds digit of 1745?
7
What is the ten thousands digit of 21056?
2
What is the units digit of 14665?
5
What is the units digit of 2392?
2
What is the hundreds digit of 4038?
0
What is the hundreds digit of 53628?
6
What is the ten thousands digit of 22516?
2
What is the tens digit of 172?
7
What is the thousands digit of 1541?
1
What is the thousands digit of 4174?
4
What is the thousands digit of 14348?
4
What is the units digit of 75203?
3
What is the ten thousands digit of 17427?
1
What is the tens digit of 5713?
1
What is the hundreds digit of 797?
7
What is the tens digit of 8192?
9
What is the units digit of 70?
0
What is the units digit of 9574?
4
What is the ten thousands digit of 10826?
1
What is the hundreds digit of 451?
4
What is the units digit of 20634?
4
What is the units digit of 296?
6
What is the units digit of 3199?
9
What is the tens digit of 429?
2
What is the units digit of 144958?
8
What is the tens digit of 951?
5
What is the tens digit of 65004?
0
What is the ten thousands digit of 12763?
1
What is the units digit of 1376?
6
What is the tens digit of 17384?
8
What is the tens digit of 461?
6
What is the tens digit of 15786?
8
What is the hundreds digit of 1370?
3
What is the units digit of 96035?
5
What is the hundreds digit of 1624?
6
What is the tens digit of 463?
6
What is the hundreds digit of 69601?
6
What is the thousands digit of 72197?
2
What is the units digit of 41330?
0
What is the units digit of 78283?
3
What is the units digit of 5560?
0
What is the thousands digit of 1457?
1
What is the hundreds digit of 1040?
0
What is the hundreds digit of 1876?
8
What is the units digit of 40468?
8
What is the tens digit of 565?
6
What is the tens digit of 782?
8
What is the ten thousands digit of 22799?
2
What is the hundreds digit of 1695?
6
What is the units digit of 1686?
6
What is